ate the remainder when 124 is divided by 29.
8
Calculate the remainder when 253 is divided by 83.
4
What is the remainder when 140 is divided by 55?
30
Calculate the remainder when 874 is divided by 432.
10
What is the remainder when 357 is divided by 87?
9
What is the remainder when 546 is divided by 64?
34
What is the remainder when 183 is divided by 9?
3
What is the remainder when 2342 is divided by 1168?
6
Calculate the remainder when 3702 is divided by 41.
12
What is the remainder when 1847 is divided by 1823?
24
What is the remainder when 61 is divided by 8?
5
Calculate the remainder when 1131 is divided by 80.
11
What is the remainder when 24 is divided by 16?
8
What is the remainder when 163 is divided by 34?
27
What is the remainder when 107 is divided by 33?
8
Calculate the remainder when 480 is divided by 94.
10
What is the remainder when 541 is divided by 256?
29
What is the remainder when 922 is divided by 133?
124
What is the remainder when 321 is divided by 3?
0
What is the remainder when 451 is divided by 57?
52
Calculate the remainder when 330 is divided by 82.
2
Calculate the remainder when 3938 is divided by 39.
38
What is the remainder when 34 is divided by 12?
10
Calculate the remainder when 380 is divided by 6.
2
What is the remainder when 530 is divided by 13?
10
What is the remainder when 857 is divided by 19?
2
Calculate the remainder when 575 is divided by 273.
29
What is the remainder when 204 is divided by 54?
42
What is the remainder when 591 is divided by 285?
21
Calculate the remainder when 328 is divided by 123.
82
What is the remainder when 139 is divided by 81?
58
What is the remainder when 713 is divided by 141?
8
Calculate the remainder when 939 is divided by 283.
90
Calculate the remainder when 94 is divided by 29.
7
Calculate the remainder when 536 is divided by 18.
14
Calculate the remainder when 26641 is divided by 83.
81
Calculate the remainder when 118 is divided by 19.
4
What is the remainder when 234 is divided by 8?
2
Calculate the remainder when 3636 is divided by 72.
36
What is the remainder when 5571 is divided by 14?
13
Calculate the remainder when 3886 is divided by 13.
12
What is the remainder when 320 is divided by 25?
20
What is the remainder when 1871 is divided by 15?
11
What is the remainder when 758 is divided by 54?
2
What is the remainder when 699 is divided by 25?
24
Calculate the remainder when 825 is divided by 382.
61
Calculate the remainder when 1611 is divided by 6.
3
What is the remainder when 2 is divided by 2?
0
Calculate the remainder when 1772 is divided by 34.
4
What is the remainder when 2308 is divided by 70?
68
Calculate the remainder when 8498 is divided by 405.
398
Calculate the remainder when 36 is divided by 33.
3
Calculate the remainder when 315 is divided by 88.
51
What is the remainder when 420 is divided by 9?
6
Calculate the remainder when 317 is divided by 116.
85
Calculate the remainder when 4589 is divided by 153.
152
Calculate the remainder when 67 is divided by 10.
7
What is the remainder when 609 is divided by 192?
33
Calculate the remainder when 1583 is divided by 69.
65
What is the remainder when 305 is divided by 113?
79
Calculate the remainder when 1004 is divided by 36.
32
What is the remainder when 38219 is divided by 156?
155
What is the remainder when 417 is divided by 39?
27
Calculate the remainder when 126 is divided by 53.
20
What is the remainder when 104 is divided by 24?
8
Calculate the remainder when 557 is divided by 14.
11
What is the remainder when 3588 is divided by 171?
168
Calculate the remainder when 78 is divided by 23.
9
What is the remainder when 938 is divided by 41?
36
Calculate the remainder when 177 is divided by 28.
9
What is the remainder when 152 is divided by 74?
4
What is the remainder when 273 is divided by 69?
66
What is the remainder when 529 is divided by 125?
29
Calculate the remainder when 7100 is divided by 27.
26
What is the remainder when 122 is divided by 39?
5
What is the remainder when 1018 is divided by 1008?
10
Calculate the remainder when 934 is divided by 277.
103
What is the remainder when 9309 is divided by 70?
69
What is the remainder when 151 is divided by 3?
1
What is the remainder when 216 is divided by 58?
42
Calculate the remainder when 247 is divided by 85.
77
What is the remainder when 1678 is divided by 20?
18
Calculate the remainder when 38 is divided by 5.
3
What is the remainder when 2149 is divided by 103?
89
What is the remainder when 1343 is divided by 24?
23
What is the remainder when 5301 is divided by 24?
21
What is the remainder when 37 is divided by 22?
15
Calculate the remainder when 183 is divided by 3.
0
Calculate the remainder when 962 is divided by 88.
82
Calculate the remainder when 1185 is divided by 22.
19
What is the remainder when 157 is divided by 96?
61
What is the remainder when 1535 is divided by 140?
135
What is the remainder when 1083 is divided by 42?
33
Calculate the remainder when 184 is divided by 38.
32
What is the remainder when 131 is divided by 22?
21
What is the remainder when 95 is divided by 48?
47
Calculate the remainder when 2106 is divided by 19.
16
Calculate the remainder when 2319 is divided by 145.
144
What is the remainder when 251 is divided by 27?
8
What is the remainder when 2181 is divided by 115?
111
What is the remainder when 338 is divided by 30?
8
Calculate the remainder when 216 is divided by 42.
6
What is the remainder when 5697 is divided by 28?
13
Calculate the remainder when 1399 is divided by 38.
31
What is the remainder when 700 is divided by 35?
0
Calculate the remainder when 440 is divided by 73.
2
Calculate the remainder when 4172 is divided by 694.
8
Calculate the remainder when 931 is divided by 118.
105
Calculate the remainder when 201 is divided by 161.
40
What is the remainder when 119 is divided by 6?
5
Calculate the remainder when 13549 is divided by 88.
85
Calculate the remainder when 189 is divided by 42.
21
Calculate the remainder when 183 is divided by 93.
90
What is the remainder when 597 is divided by 12?
9
Calculate the remainder when 2116 is divided by 13.
10
What is the remainder when 186 is divided by 38?
34
What is the remainder when 112 is divided by 15?
7
What is the remainder when 15762 is divided by 14?
12
What is the remainder when 1791 is divided by 178?
11
What is the remainder when 126 is divided by 44?
38
Calculate the remainder when 413 is divided by 83.
81
Calculate the remainder when 304 is divided by 101.
1
What is the remainder when 457 is divided by 121?
94
What is the remainder when 246 is divided by 173?
73
What is the remainder when 26296 is divided by 13?
10
What is the remainder when 744 is divided by 22?
18
What is the remainder when 92 is divided by 79?
13
Calculate the remainder when 150 is divided by 11.
7
What is the remainder when 453 is divided by 116?
105
Calculate the remainder when 12738 is divided by 182.
180
What is the remainder when 1667 is divided by 39?
29
Calculate the remainder when 16736 is divided by 108.
104
What is the remainder when 136 is divided by 20?
16
What is the remainder when 283 is divided by 22?
19
What is the remainder when 83 is divided by 18?
11
What is the remainder when 1981 is divided by 49?
21
Calculate the remainder when 726 is divided by 56.
54
What is the remainder when 158 is divided by 40?
38
What is the remainder when 42 is divided by 11?
9
What is the remainder when 129 is divided by 45?
39
Calculate the remainder when 316 is divided by 57.
31
Calculate the remainder when 19 is divided by 8.
3
Calculate the remainder when 98 is divided by 20.
18
What is the remainder when 5832 is divided by 21?
15
What is the remainder when 202 is divided by 55?
37
Calculate the remainder when 933 is divided by 85.
83
What is the remainder when 150 is divided by 75?
0
What is the remainder when 339 is divided by 18?
15
What is the remainder when 204 is divided by 23?
20
What is the remainder when 2350 is divided by 28?
26
Calculate the remainder when 830 is divided by 32.
30
What is the remainder when 2935 is divided by 89?
87
Calculate the remainder when 5962 is divided by 42.
40
Calculate the remainder when 62 is divided by 16.
14
What is the remainder when 85 